98. Is i composite?
False
Let a = -38102 - -79191. Is a a prime number?
False
Let k = -859727 - -1331620. Is k a prime number?
True
Let i = 1637728 + -1142945. Is i a prime number?
True
Let x be (89 - -5882) + (2 - 1) + 1. Suppose 4*a = 14263 + x. Is a composite?
False
Let p = 1860 + 815. Let s = p - 1684. Is s a prime number?
True
Let i(b) = -b**2 - 2*b - 71. Let w be i(13). Let d = w + 14571. Is d a composite number?
True
Suppose -4*p + 70907 + 7214 = -5*x, -5*p + 97641 = 4*x. Is p a prime number?
False
Let p(g) = -4*g - 24. Let r be p(-10). Suppose -1 + 8 = t + 2*x, r = 2*t + 3*x. Suppose -j - t = -192. Is j prime?
True
Let i(s) = -5287*s + 21. Let g be i(-9). Is ((-20)/(-12) + -2)*g/(-4) composite?
False
Let c be (334/(-26))/(-1) + (-18)/(-117). Let h(j) = -2*j - 5*j - c - 4*j + 2*j**2 - 4*j. Is h(-6) prime?
True
Let c(k) = k**3. Let j(z) = 225*z**3 - 4*z**2 + z - 2. Let r(a) = 6*c(a) + j(a). Let b be r(3). Let u = 8745 - b. Is u a composite number?
False
Is (54898/(-14))/((-7)/49) a prime number?
True
Suppose 2266718 = -201*d + 23033033. Is d a prime number?
False
Suppose -n + 87*v + 121151 = 82*v, 2*n - 2*v = 242302. Is n a prime number?
True
Let v be ((-12)/(-10))/((-132)/440). Suppose -56 = -5*y + 54. Is (-1602)/v - (-11)/y a composite number?
False
Is (-842)/(-1263)*133559/(-2)*-3 a composite number?
False
Let z(o) = 28*o**3 + 10*o**2 - 27*o + 6. Let w(u) = -u**3 + u - 2. Let l(d) = -5*w(d) - z(d). Is l(-7) prime?
False
Suppose -5*s + 7*s = 5*f - 16763, -5*f - 3*s + 16743 = 0. Let w = -1594 + f. Is w prime?
False
Let j = -155158 - -590213. Is j prime?
False
Let a = 85494 + -54713. Is a a composite number?
False
Let a(y) = 127*y - 28. Suppose -x + 38 - 34 = 0. Suppose 0 = b - 0*b, -2*l + x*b = -18. Is a(l) a composite number?
True
Let j(v) = 14*v - 53. Let w = 74 - -2. Let g = w + -59. Is j(g) a prime number?
False
Let t(l) = 2*l + 56. Let w be t(-27). Suppose w*s - 11*b - 3329 = -14*b, -2*b = 3*s - 4981. Is s composite?
False
Let z(g) = -68*g**3 - 8*g**2 + 13*g - 114. Is z(-13) prime?
True
Suppose -124*h + 123*h + 4225 = -t, 0 = -3*h - 5*t + 12707. Is h prime?
True
Suppose -5*h + 35 = z, -2*z + 6*z = -4*h + 92. Suppose 39*t + z = 44*t. Is (-1653)/(-4) + -4 + (-1)/t prime?
True
Suppose -22*w + 5*n = -24*w + 56647, -3*n - 28340 = -w. Is w composite?
True
Let v(k) = 25*k + 111. Let m be v(38). Suppose -m - 8444 = -5*b. Is b composite?
False
Let v = -214451 - -327340. Is v a prime number?
False
Suppose -508 = -c - 3*x, -4*x = -3*c - 0*c + 1498. Suppose -2*m + d + 138 = 0, 2*d - c + 166 = -5*m. Let y = 179 - m. Is y composite?
True
Let g = -23405 - -36244. Is g prime?
False
Suppose k = -2*w - 5661, 14147 = -9*w + 4*w + 3*k. Let j = 5668 + w. Suppose 5*x - v - 4702 = 0, -3*x - 6*v + v + j = 0. Is x prime?
True
Let l = 203 + -198. Suppose 0 = l*j - 13133 - 8502. Is j a prime number?
True
Suppose -953862 - 9977401 = -49*q. Is q a prime number?
True
Let h = -5694 + 8267. Suppose 2334 = 2*f + f. Let r = h - f. Is r a composite number?
True
Suppose 91*f + 22123578 = 99006119 + 33743702. Is f a composite number?
False
Suppose -3*k + 12 = 3*u, 5*u - 21 = -2*k - 2*k. Let l(a) = 1034*a + 29. Is l(u) a prime number?
False
Is (-8)/(-10) - 38587153/(-815) composite?
True
Suppose 2*n + 3*g = 26 - 0, 5*n - g = 31. Suppose 0 = 9*i - n*i - 7294. Is i composite?
True
Let h(d) be the first derivative of 203*d**2/2 - 36*d + 33. Is h(17) a prime number?
False
Let k(b) = 57*b**2 + 32*b - 20. Let h be k(-17). Let n = 39502 - h. Is n a prime number?
True
Let n = 5 - -4. Suppose -4*g = -2*a - 20, -3*a = 3*g - 2*g + n. Suppose g*c = 3*r - 4*r + 102, -3*c = 5*r - 546. Is r a composite number?
True
Let d = 424 + -422. Is 9 + (6 - d - -198) a composite number?
False
Is 2/(-6 + (-21)/(-3)) - 3*-69767 a prime number?
False
Let t(b) = 672*b**2 - 10*b + 87. Is t(-5) a composite number?
False
Suppose 1061*l - 1064*l + 15 = 0. Suppose y = -3*i + 37349, -i + l*y = -9898 - 2573. Is i composite?
False
Let w = -1516 + 8639. Is w composite?
True
Let o = 54 - 41. Suppose -568952 = -21*s + o*s. Is s a prime number?
True
Let s(z) = 1021*z**2 - 79*z + 125. Is s(23) prime?
False
Suppose 32054 + 554646 = 20*b. Is b composite?
True
Is (346274/(-8))/((3/10)/((-546)/455)) a prime number?
True
Suppose 32 = -7*m + 11*m. Let s be (3 - (m - -2))*-1. Suppose 0 = s*p - 4*p - 933. Is p composite?
False
Let m(p) = 1820*p**3 + 3*p**2 - 114*p + 710. Is m(7) composite?
False
Suppose 55986 = 5*x - h, 0 = 3*x + 10*h - 15*h - 33596. Is x a composite number?
False
Let w(r) = 411*r**3 + 17*r - 11. Is w(5) composite?
False
Suppose -2*s + 4*w = -1729978, -319*s = -317*s + w - 1729978. Is s a prime number?
True
Suppose 7542682 + 11620929 = 97*r. Is r composite?
True
Let o(h) = -h**3 - 8*h**2 - 8*h + 26. Let v be o(-6). Suppose 4*f - v*f + 4*j - 2030 = 0, 2*f = -2*j + 2022. Is f a composite number?
True
Suppose 0 = 37*d - 662717 - 186126 - 8928. Is d composite?
True
Suppose -543 = 4*q - 3*w + 137, 0 = 2*q - 4*w + 350. Let n = -42 - q. Let j = n - -9. Is j a prime number?
False
Let m(b) = 7*b + 0*b - 10*b - 18 - b. Let n be m(-5). Suppose h + n*i = 891, h + 2*i = 2*h - 887. Is h a prime number?
False
Let x be (-6)/2 - (-15552 + 0)/3. Suppose 0 = -7*d + 10*d - x. Is d a prime number?
False
Suppose 3*v + 2*v = -3*c + 1818, -3*v + 4*c + 1114 = 0. Let x = 763 - v. Suppose -x = -3*o - 4*w, 4*o - 5*w + 0*w - 519 = 0. Is o prime?
True
Suppose -8*v + 12166 + 13042 = 0. Is v composite?
True
Let u(o) = o**3 + 5*o**2 - 16*o + 13. Let i be u(-8). Is (-42)/18*i + -4 a composite number?
True
Let s(c) = 3*c - 1. Let z be s(2). Suppose 0 = -z*b + 8*b - 84618. Is b/90 + (-6)/(-10) a composite number?
True
Let h(y) = -3*y**2 + 16*y - 3. Let i be h(5). Suppose -4 = i*b - 10. Is (3 + -954)*(-1)/b a prime number?
True
Let g(d) = 6335*d**2 + 151*d - 1803. Is g(11) composite?
False
Let h = -11 + 35. Suppose 26*q + h = 20*q. Is 12/(-8) - 6258/q a composite number?
True
Suppose -3*f + 201*q - 198*q = 3018, -q = -1. Let a = f + 12794. Is a a prime number?
True
Suppose -114 = 10*v - 9*v. Let w be v/(-22) - 4/22. Suppose c - 2357 = -3*d - c, 0 = w*d + c - 3940. Is d a composite number?
True
Let o = -49 - -61. Suppose -5*q + o = -3. Suppose -5*x - 2710 = -q*u, 0 = 3*u - x - 3*x - 2711. Is u prime?
False
Let n = 2110 - -2654. Suppose 4752 = 6*u - n. Let w = u + -628. Is w a composite number?
True
Let c(t) = 8716*t**2 - 20*t - 283. Is c(-10) prime?
True
Let x be (-3*2)/(-3) + 1. Let q be 102*(-2)/(-5 + x). Let a = q - 37. Is a a composite number?
True
Suppose -l = -p + 1, -4*p + 2*l + 4 = l. Let d be ((-5)/p)/(-3 - -2). Suppose 0 = 2*z - 0*z - d*t - 288, 5*t = -z + 159. Is z composite?
False
Is ((-341192952)/(-486))/4 - (4/(-18) + 0) prime?
False
Let z = -38 - -43. Suppose -3*o - 5*p = -p + 5, 0 = -z*o - 2*p + 15. Let d(k) = 14*k**3 - 3*k**2 - 2. Is d(o) prime?
False
Let l = -1119123 + 1615834. Is l prime?
True
Suppose 105*u - 63*u - 76334828 = -26*u. Is u a composite number?
False
Let u be -5*((-3)/3)/1. Suppose -p - 23 - 253 = u*n, -284 = 5*n - p. Let v = 70 + n. Is v prime?
False
Let c(m) = -m**2 + 21*m - 41. Let z be c(19). Let p be 3*4/6 - (3 + z). Suppose -p*q + 656 = -750. Is q composite?
True
Let h(y) = y**3 + 2*y**2 - 29*y + 16. Let q be h(4). Let s(f) = -115*f**3 + 24*f**2 - 2*f - 7. Is s(q) a composite number?
True
Let u(b) = 2*b**3 - 2*b**2 - b - 1. Let j be u(2). Suppose -6*n + j*t + 36 = -3*n, -3*n + 36 = 3*t. Is -2 + 67 - n/(-3) a composite number?
True
Let p be 7*-1 - 121024/(-61). Suppose 2*x - 6451 = -p. Is x a prime number?
True
Is 133761/((-10)/(-5) - 1)*(-1224)/(-216) composite?
True
Is (-2 + -2016203)*57/(-285) prime?
True
Suppose 62895 = 5*u + 2*d - 143514, 6*d = -4*u + 165136. Is u a composite number?
False
Is 199855/5*1*1/1 a composite number?
False
Is (1422234/108)/(4/90) + (-1)/(-4) a composite number?
False
Let r(l) = -l**3 + l + 4. Let d be r(0). Let o = 2451 + -1266. Is (d/(-12))/((-5)/o) a prime number?
True
Let l(u) = 8*u - 20. Let b be l(3). Suppose 4*t - b*d = -4, 3*d - 8 - 3 = -t. Is t*(-4 + 421 + 2) composite?
True
Suppose 34*b - 13*b - 731661 = 0. Is b a composite number?
False
Suppose 0 = 3*w - 3*c - 72, -6*c = w - 11*c - 8. Suppose -3*a - w = -34. Is a/(-3) - 6873/(-9) composite?
True
Let c = 19